{"id":71,"date":"2016-04-04T16:20:19","date_gmt":"2016-04-04T14:20:19","guid":{"rendered":"http:\/\/apogon.se\/?page_id=71"},"modified":"2023-01-09T14:45:30","modified_gmt":"2023-01-09T13:45:30","slug":"kontakt","status":"publish","type":"page","link":"https:\/\/apogon.se\/?page_id=71","title":{"rendered":"kontakt"},"content":{"rendered":"<p><strong>Postadress:<br \/>\n<\/strong>Apogon Engineering AB<br \/>\nGubb\u00e4cksv\u00e4gen 36<br \/>\n802 57 G\u00e4vle<\/p>\n<p><strong>Bes\u00f6ksadress:<br \/>\n<\/strong>Apogon Engineering AB<br \/>\nGubb\u00e4cksv\u00e4gen 36<br \/>\n802 57 G\u00e4vle<\/p>\n<p><strong>epost:<\/strong><\/p>\n<p>webcontact@apogon.se<\/p>\n<p><img decoding=\"async\" loading=\"lazy\" class=\"alignnone size-medium wp-image-49\" src=\"http:\/\/apogon.se\/wp-content\/uploads\/2016\/03\/apogon_logo_svart-300x75.png\" alt=\"\" width=\"300\" height=\"75\" srcset=\"https:\/\/apogon.se\/wp-content\/uploads\/2016\/03\/apogon_logo_svart-300x75.png 300w, https:\/\/apogon.se\/wp-content\/uploads\/2016\/03\/apogon_logo_svart.png 400w\" sizes=\"(max-width: 300px) 100vw, 300px\" \/><\/p>\n","protected":false},"excerpt":{"rendered":"<p class=\"excerpt\">Postadress: Apogon Engineering AB Gubb\u00e4cksv\u00e4gen 36 802 57 G\u00e4vle Bes\u00f6ksadress: Apogon Engineering AB Gubb\u00e4cksv\u00e4gen 36 802 57 G\u00e4vle epost: webcontact@apogon.se <a href=\"https:\/\/apogon.se\/?page_id=71\">Read more &rarr;<\/a><\/p>\n","protected":false},"author":1,"featured_media":0,"parent":0,"menu_order":0,"comment_status":"closed","ping_status":"closed","template":"","meta":[],"_links":{"self":[{"href":"https:\/\/apogon.se\/index.php?rest_route=\/wp\/v2\/pages\/71"}],"collection":[{"href":"https:\/\/apogon.se\/index.php?rest_route=\/wp\/v2\/pages"}],"about":[{"href":"https:\/\/apogon.se\/index.php?rest_route=\/wp\/v2\/types\/page"}],"author":[{"embeddable":true,"href":"https:\/\/apogon.se\/index.php?rest_route=\/wp\/v2\/users\/1"}],"replies":[{"embeddable":true,"href":"https:\/\/apogon.se\/index.php?rest_route=%2Fwp%2Fv2%2Fcomments&post=71"}],"version-history":[{"count":10,"href":"https:\/\/apogon.se\/index.php?rest_route=\/wp\/v2\/pages\/71\/revisions"}],"predecessor-version":[{"id":186,"href":"https:\/\/apogon.se\/index.php?rest_route=\/wp\/v2\/pages\/71\/revisions\/186"}],"wp:attachment":[{"href":"https:\/\/apogon.se\/index.php?rest_route=%2Fwp%2Fv2%2Fmedia&parent=71"}],"curies":[{"name":"wp","href":"https:\/\/api.w.org\/{rel}","templated":true}]}}