{"id":19,"date":"2016-03-31T16:36:30","date_gmt":"2016-03-31T14:36:30","guid":{"rendered":"http:\/\/apogon.se\/?page_id=19"},"modified":"2019-10-26T13:21:59","modified_gmt":"2019-10-26T11:21:59","slug":"start","status":"publish","type":"page","link":"https:\/\/apogon.se\/","title":{"rendered":"apogon engineeringbyr\u00e5"},"content":{"rendered":"<p>Alla typer av engineeringtj\u00e4nster f\u00f6r alla typer av behov.<\/p>\n<p>Vi har en v\u00e4ldigt stor bredd p\u00e5 v\u00e5ra tj\u00e4nster som l\u00e4mpar sig f\u00f6r b\u00e5de teknikf\u00f6retag som f\u00f6r andra sektorer. Teknikbranschen har l\u00e4nge jobbat h\u00e5rt f\u00f6r att optimera processer och f\u00f6rb\u00e4ttra l\u00f6nsamhet. Detta kan man applicera p\u00e5 f\u00f6retag i andra sektorer. Det \u00e4r dyrt, tids\u00f6dande och on\u00f6digt att uppfinna hjulet igen.<\/p>\n<p>Vi \u00e4r alltid intresserade av nya utmaningar. Tveka inte att h\u00f6ra av er, b\u00e5de om ni redan har identifierat flaskhalsarna och om ni beh\u00f6ver st\u00f6d med att g\u00f6ra det!<\/p>\n<p><img decoding=\"async\" loading=\"lazy\" class=\"alignnone size-medium wp-image-49\" src=\"http:\/\/apogon.se\/wp-content\/uploads\/2016\/03\/apogon_logo_svart-300x75.png\" alt=\"\" width=\"300\" height=\"75\" srcset=\"https:\/\/apogon.se\/wp-content\/uploads\/2016\/03\/apogon_logo_svart-300x75.png 300w, https:\/\/apogon.se\/wp-content\/uploads\/2016\/03\/apogon_logo_svart.png 400w\" sizes=\"(max-width: 300px) 100vw, 300px\" \/><\/p>\n","protected":false},"excerpt":{"rendered":"<p class=\"excerpt\">Alla typer av engineeringtj\u00e4nster f\u00f6r alla typer av behov. Vi har en v\u00e4ldigt stor bredd p\u00e5 v\u00e5ra tj\u00e4nster som l\u00e4mpar sig f\u00f6r b\u00e5de teknikf\u00f6retag som f\u00f6r andra sektorer. Teknikbranschen har l\u00e4nge jobbat h\u00e5rt f\u00f6r att optimera processer och f\u00f6rb\u00e4ttra l\u00f6nsamhet. Detta kan man applicera p\u00e5 f\u00f6retag i andra sektorer. Det \u00e4r dyrt, tids\u00f6dande och on\u00f6digt att uppfinna hjulet igen. Vi&hellip; <a href=\"https:\/\/apogon.se\/\">Read more &rarr;<\/a><\/p>\n","protected":false},"author":1,"featured_media":0,"parent":0,"menu_order":0,"comment_status":"closed","ping_status":"closed","template":"","meta":[],"_links":{"self":[{"href":"https:\/\/apogon.se\/index.php?rest_route=\/wp\/v2\/pages\/19"}],"collection":[{"href":"https:\/\/apogon.se\/index.php?rest_route=\/wp\/v2\/pages"}],"about":[{"href":"https:\/\/apogon.se\/index.php?rest_route=\/wp\/v2\/types\/page"}],"author":[{"embeddable":true,"href":"https:\/\/apogon.se\/index.php?rest_route=\/wp\/v2\/users\/1"}],"replies":[{"embeddable":true,"href":"https:\/\/apogon.se\/index.php?rest_route=%2Fwp%2Fv2%2Fcomments&post=19"}],"version-history":[{"count":17,"href":"https:\/\/apogon.se\/index.php?rest_route=\/wp\/v2\/pages\/19\/revisions"}],"predecessor-version":[{"id":183,"href":"https:\/\/apogon.se\/index.php?rest_route=\/wp\/v2\/pages\/19\/revisions\/183"}],"wp:attachment":[{"href":"https:\/\/apogon.se\/index.php?rest_route=%2Fwp%2Fv2%2Fmedia&parent=19"}],"curies":[{"name":"wp","href":"https:\/\/api.w.org\/{rel}","templated":true}]}}